[INFO] cloning repository https://github.com/LaSpruca/st-lang
[INFO] running `Command { std: "git" "-c" "credential.helper=" "-c" "credential.helper=/workspace/cargo-home/bin/git-credential-null" "clone" "--bare" "https://github.com/LaSpruca/st-lang" "/workspace/cache/git-repos/https%3A%2F%2Fgithub.com%2FLaSpruca%2Fst-lang", kill_on_drop: false }`
[INFO] [stderr] Cloning into bare repository '/workspace/cache/git-repos/https%3A%2F%2Fgithub.com%2FLaSpruca%2Fst-lang'...
[INFO] running `Command { std: "git" "rev-parse" "HEAD", kill_on_drop: false }`
[INFO] [stdout] ba5e78c056d89c89bbeeb29aa215866f9ce8ce4c
[INFO] checking LaSpruca/st-lang against master#9610dfe5a9a731ced1ea4923ecbd0c57fe367898 for beta-170-4
[INFO] running `Command { std: "git" "clone" "/workspace/cache/git-repos/https%3A%2F%2Fgithub.com%2FLaSpruca%2Fst-lang" "/workspace/builds/worker-6-tc1/source", kill_on_drop: false }`
[INFO] [stderr] Cloning into '/workspace/builds/worker-6-tc1/source'...
[INFO] [stderr] done.
[INFO] validating manifest of git repo https://github.com/LaSpruca/st-lang on toolchain 9610dfe5a9a731ced1ea4923ecbd0c57fe367898
[INFO] running `Command { std: CARGO_HOME="/workspace/cargo-home" RUSTUP_HOME="/workspace/rustup-home" "/workspace/cargo-home/bin/cargo" "+9610dfe5a9a731ced1ea4923ecbd0c57fe367898" "metadata" "--manifest-path" "Cargo.toml" "--no-deps", kill_on_drop: false }`
[INFO] started tweaking git repo https://github.com/LaSpruca/st-lang
[INFO] finished tweaking git repo https://github.com/LaSpruca/st-lang
[INFO] tweaked toml for git repo https://github.com/LaSpruca/st-lang written to /workspace/builds/worker-6-tc1/source/Cargo.toml
[INFO] crate git repo https://github.com/LaSpruca/st-lang already has a lockfile, it will not be regenerated
[INFO] running `Command { std: CARGO_HOME="/workspace/cargo-home" RUSTUP_HOME="/workspace/rustup-home" "/workspace/cargo-home/bin/cargo" "+9610dfe5a9a731ced1ea4923ecbd0c57fe367898" "fetch" "--manifest-path" "Cargo.toml", kill_on_drop: false }`
[INFO] [stderr]  Downloading crates ...
[INFO] [stderr]   Downloaded clap v4.0.12
[INFO] running `Command { std: "docker" "create" "-v" "/var/lib/crater-agent-workspace/builds/worker-6-tc1/target:/opt/rustwide/target:rw,Z" "-v" "/var/lib/crater-agent-workspace/builds/worker-6-tc1/source:/opt/rustwide/workdir:ro,Z" "-v" "/var/lib/crater-agent-workspace/cargo-home:/opt/rustwide/cargo-home:ro,Z" "-v" "/var/lib/crater-agent-workspace/rustup-home:/opt/rustwide/rustup-home:ro,Z" "-e" "SOURCE_DIR=/opt/rustwide/workdir" "-e" "CARGO_TARGET_DIR=/opt/rustwide/target" "-e" "CARGO_HOME=/opt/rustwide/cargo-home" "-e" "RUSTUP_HOME=/opt/rustwide/rustup-home" "-w" "/opt/rustwide/workdir" "-m" "1610612736" "--user" "0:0" "--network" "none" "ghcr.io/rust-lang/crates-build-env/linux@sha256:19e73879b68f455e41552ea35293514db52ea292d993f571636dbffedb77a1ee" "/opt/rustwide/cargo-home/bin/cargo" "+9610dfe5a9a731ced1ea4923ecbd0c57fe367898" "metadata" "--no-deps" "--format-version=1", kill_on_drop: false }`
[INFO] [stdout] a395abb4d9ed568d660800dbbace4dfb5f4a671fbb021d6e92c73648062de94c
[INFO] running `Command { std: "docker" "start" "-a" "a395abb4d9ed568d660800dbbace4dfb5f4a671fbb021d6e92c73648062de94c", kill_on_drop: false }`
[INFO] running `Command { std: "docker" "inspect" "a395abb4d9ed568d660800dbbace4dfb5f4a671fbb021d6e92c73648062de94c", kill_on_drop: false }`
[INFO] running `Command { std: "docker" "rm" "-f" "a395abb4d9ed568d660800dbbace4dfb5f4a671fbb021d6e92c73648062de94c", kill_on_drop: false }`
[INFO] [stdout] a395abb4d9ed568d660800dbbace4dfb5f4a671fbb021d6e92c73648062de94c
[INFO] running `Command { std: "docker" "create" "-v" "/var/lib/crater-agent-workspace/builds/worker-6-tc1/target:/opt/rustwide/target:rw,Z" "-v" "/var/lib/crater-agent-workspace/builds/worker-6-tc1/source:/opt/rustwide/workdir:ro,Z" "-v" "/var/lib/crater-agent-workspace/cargo-home:/opt/rustwide/cargo-home:ro,Z" "-v" "/var/lib/crater-agent-workspace/rustup-home:/opt/rustwide/rustup-home:ro,Z" "-e" "SOURCE_DIR=/opt/rustwide/workdir" "-e" "CARGO_TARGET_DIR=/opt/rustwide/target" "-e" "CARGO_INCREMENTAL=0" "-e" "RUST_BACKTRACE=full" "-e" "RUSTFLAGS=--cap-lints=forbid" "-e" "RUSTDOCFLAGS=--cap-lints=forbid" "-e" "CARGO_HOME=/opt/rustwide/cargo-home" "-e" "RUSTUP_HOME=/opt/rustwide/rustup-home" "-w" "/opt/rustwide/workdir" "-m" "1610612736" "--user" "0:0" "--network" "none" "ghcr.io/rust-lang/crates-build-env/linux@sha256:19e73879b68f455e41552ea35293514db52ea292d993f571636dbffedb77a1ee" "/opt/rustwide/cargo-home/bin/cargo" "+9610dfe5a9a731ced1ea4923ecbd0c57fe367898" "check" "--frozen" "--all" "--all-targets" "--message-format=json", kill_on_drop: false }`
[INFO] [stdout] 077cdf2fc929353028d44483f29a1c21cb840620bb181d661a8168dd571bbd3c
[INFO] running `Command { std: "docker" "start" "-a" "077cdf2fc929353028d44483f29a1c21cb840620bb181d661a8168dd571bbd3c", kill_on_drop: false }`
[INFO] [stderr]    Compiling proc-macro2 v1.0.46
[INFO] [stderr]    Compiling syn v1.0.102
[INFO] [stderr]    Compiling libc v0.2.132
[INFO] [stderr]     Checking os_str_bytes v6.3.0
[INFO] [stderr]    Compiling thiserror v1.0.37
[INFO] [stderr]     Checking termcolor v1.1.3
[INFO] [stderr]     Checking aho-corasick v0.7.19
[INFO] [stderr]     Checking once_cell v1.14.0
[INFO] [stderr]     Checking clap_lex v0.3.0
[INFO] [stderr]     Checking regex v1.6.0
[INFO] [stderr]    Compiling quote v1.0.21
[INFO] [stderr]     Checking atty v0.2.14
[INFO] [stderr]     Checking clap v4.0.12
[INFO] [stderr]    Compiling thiserror-impl v1.0.37
[INFO] [stderr]     Checking st-lang v0.1.0 (/opt/rustwide/workdir/crates/st-lang)
[INFO] [stdout] warning: unused import: `HashMap`
[INFO] [stdout]  --> crates/st-lang/src/parser.rs:1:24
[INFO] [stdout]   |
[INFO] [stdout] 1 | use std::collections::{HashMap, VecDeque};
[INFO] [stdout]   |                        ^^^^^^^
[INFO] [stdout]   |
[INFO] [stdout]   = note: `#[warn(unused_imports)]` on by default
[INFO] [stdout] 
[INFO] [stdout] 
[INFO] [stdout] warning: unused import: `HashMap`
[INFO] [stdout]  --> crates/st-lang/src/parser.rs:1:24
[INFO] [stdout]   |
[INFO] [stdout] 1 | use std::collections::{HashMap, VecDeque};
[INFO] [stdout]   |                        ^^^^^^^
[INFO] [stdout]   |
[INFO] [stdout]   = note: `#[warn(unused_imports)]` on by default
[INFO] [stdout] 
[INFO] [stdout] 
[INFO] [stdout] error[E0308]: mismatched types
[INFO] [stdout]   --> crates/st-lang/src/parser.rs:54:9
[INFO] [stdout]    |
[INFO] [stdout] 23 | pub fn parse(source: Vec<Token>, file_name: &str) -> Result<ParsedSource, Vec<Error>> {
[INFO] [stdout]    |                                                      -------------------------------- expected `std::result::Result<ParsedSource, Vec<error::Error>>` because of return type
[INFO] [stdout] ...
[INFO] [stdout] 54 |         ParsedSource { module }
[INFO] [stdout]    |         ^^^^^^^^^^^^^^^^^^^^^^^ expected `Result<ParsedSource, Vec<Error>>`, found `ParsedSource`
[INFO] [stdout]    |
[INFO] [stdout]    = note: expected enum `std::result::Result<ParsedSource, Vec<error::Error>>`
[INFO] [stdout]             found struct `ParsedSource`
[INFO] [stdout] help: try wrapping the expression in `Ok`
[INFO] [stdout]    |
[INFO] [stdout] 54 |         Ok(ParsedSource { module })
[INFO] [stdout]    |         +++                       +
[INFO] [stdout] 
[INFO] [stdout] 
[INFO] [stdout] error[E0308]: mismatched types
[INFO] [stdout]   --> crates/st-lang/src/parser.rs:54:9
[INFO] [stdout]    |
[INFO] [stdout] 23 | pub fn parse(source: Vec<Token>, file_name: &str) -> Result<ParsedSource, Vec<Error>> {
[INFO] [stdout]    |                                                      -------------------------------- expected `std::result::Result<ParsedSource, Vec<error::Error>>` because of return type
[INFO] [stdout] ...
[INFO] [stdout] 54 |         ParsedSource { module }
[INFO] [stdout]    |         ^^^^^^^^^^^^^^^^^^^^^^^ expected `Result<ParsedSource, Vec<Error>>`, found `ParsedSource`
[INFO] [stdout]    |
[INFO] [stdout]    = note: expected enum `std::result::Result<ParsedSource, Vec<error::Error>>`
[INFO] [stdout]             found struct `ParsedSource`
[INFO] [stdout] help: try wrapping the expression in `Ok`
[INFO] [stdout]    |
[INFO] [stdout] 54 |         Ok(ParsedSource { module })
[INFO] [stdout]    |         +++                       +
[INFO] [stdout] 
[INFO] [stdout] 
[INFO] [stdout] error[E0317]: `if` may be missing an `else` clause
[INFO] [stdout]    --> crates/st-lang/src/parser.rs:110:9
[INFO] [stdout]     |
[INFO] [stdout] 110 | /         if let Some(name) = name {
[INFO] [stdout] 111 | |             return Ok(Package {
[INFO] [stdout] 112 | |                 name: name,
[INFO] [stdout] 113 | |                 version: "0.0.0".to_string(),
[INFO] [stdout] 114 | |                 dependencies: vec![],
[INFO] [stdout] 115 | |             });
[INFO] [stdout] 116 | |         }
[INFO] [stdout]     | |_________^ expected `Result<Package, Vec<Error>>`, found `()`
[INFO] [stdout]     |
[INFO] [stdout]     = note:   expected enum `std::result::Result<Package, Vec<error::Error>>`
[INFO] [stdout]             found unit type `()`
[INFO] [stdout]     = note: `if` expressions without `else` evaluate to `()`
[INFO] [stdout]     = help: consider adding an `else` block that evaluates to the expected type
[INFO] [stdout] 
[INFO] [stdout] 
[INFO] [stdout] error[E0317]: `if` may be missing an `else` clause
[INFO] [stdout]    --> crates/st-lang/src/parser.rs:110:9
[INFO] [stdout]     |
[INFO] [stdout] 110 | /         if let Some(name) = name {
[INFO] [stdout] 111 | |             return Ok(Package {
[INFO] [stdout] 112 | |                 name: name,
[INFO] [stdout] 113 | |                 version: "0.0.0".to_string(),
[INFO] [stdout] 114 | |                 dependencies: vec![],
[INFO] [stdout] 115 | |             });
[INFO] [stdout] 116 | |         }
[INFO] [stdout]     | |_________^ expected `Result<Package, Vec<Error>>`, found `()`
[INFO] [stdout]     |
[INFO] [stdout]     = note:   expected enum `std::result::Result<Package, Vec<error::Error>>`
[INFO] [stdout]             found unit type `()`
[INFO] [stdout]     = note: `if` expressions without `else` evaluate to `()`
[INFO] [stdout]     = help: consider adding an `else` block that evaluates to the expected type
[INFO] [stdout] 
[INFO] [stdout] 
[INFO] [stdout] error: aborting due to 2 previous errors; 1 warning emitted
[INFO] [stdout] 
[INFO] [stdout] 
[INFO] [stdout] Some errors have detailed explanations: E0308, E0317.
[INFO] [stdout] 
[INFO] [stdout] For more information about an error, try `rustc --explain E0308`.
[INFO] [stdout] 
[INFO] [stdout] error: aborting due to 2 previous errors; 1 warning emitted
[INFO] [stdout] 
[INFO] [stdout] 
[INFO] [stdout] Some errors have detailed explanations: E0308, E0317.
[INFO] [stdout] 
[INFO] [stdout] For more information about an error, try `rustc --explain E0308`.
[INFO] [stdout] 
[INFO] [stderr] error: could not compile `st-lang` (lib) due to 3 previous errors; 1 warning emitted
[INFO] [stderr] warning: build failed, waiting for other jobs to finish...
[INFO] [stderr] error: could not compile `st-lang` (lib test) due to 3 previous errors; 1 warning emitted
[INFO] running `Command { std: "docker" "inspect" "077cdf2fc929353028d44483f29a1c21cb840620bb181d661a8168dd571bbd3c", kill_on_drop: false }`
[INFO] running `Command { std: "docker" "rm" "-f" "077cdf2fc929353028d44483f29a1c21cb840620bb181d661a8168dd571bbd3c", kill_on_drop: false }`
[INFO] [stdout] 077cdf2fc929353028d44483f29a1c21cb840620bb181d661a8168dd571bbd3c
